{"id":65,"date":"2017-02-21T10:22:43","date_gmt":"2017-02-21T10:22:43","guid":{"rendered":"http:\/\/leipziger86.de\/?page_id=65"},"modified":"2017-02-21T10:24:37","modified_gmt":"2017-02-21T10:24:37","slug":"gemeinnuetzigkeit","status":"publish","type":"page","link":"http:\/\/leipziger86.de\/?page_id=65","title":{"rendered":"Gemeinn\u00fctzigkeit"},"content":{"rendered":"<p>In den vergangenen Jahren hat der Verein zahlreiche Spenden durchgef\u00fchrt z.B. an das Tierheim Druscke in Langengrassau, Darkwood BMX e.V. und der Kita Wichtelland aus M\u00fcnchhausen.<\/p>\n<p>Das Vereinsgeb\u00e4ude wird daf\u00fcr genutzt, um Bands einen kostenlosen Proberaum zur Verf\u00fcgung zustellen und bieten dem Infoladen in Finsterwalde Platz. Weiterhin ist jeden Donnerstag eine Vok\u00fc und es werden Bands und Vereine durch Solikonzerte unterst\u00fctzt.<\/p>\n<p>Auf dem Hof des Vereins existiert seit nunmehr zwei Jahren ein Igelnest und ein Unterschlupf f\u00fcr Wildbienen.<\/p>\n<p>Auch beim Thema Fl\u00fcchtlingshilfe wurde sich im vergangenen Jahr angagiert.<\/p>\n","protected":false},"excerpt":{"rendered":"<p>In den vergangenen Jahren hat der Verein zahlreiche Spenden durchgef\u00fchrt z.B. an das Tierheim Druscke in Langengrassau, Darkwood BMX e.V. und der Kita Wichtelland aus M\u00fcnchhausen. Das Vereinsgeb\u00e4ude wird daf\u00fcr genutzt, um Bands einen kostenlosen Proberaum zur Verf\u00fcgung zustellen und &hellip; <a href=\"http:\/\/leipziger86.de\/?page_id=65\">Weiterlesen <span class=\"meta-nav\">&rarr;<\/span><\/a><\/p>\n","protected":false},"author":1,"featured_media":0,"parent":0,"menu_order":0,"comment_status":"closed","ping_status":"closed","template":"","meta":{"footnotes":""},"class_list":["post-65","page","type-page","status-publish","hentry"],"_links":{"self":[{"href":"http:\/\/leipziger86.de\/index.php?rest_route=\/wp\/v2\/pages\/65"}],"collection":[{"href":"http:\/\/leipziger86.de\/index.php?rest_route=\/wp\/v2\/pages"}],"about":[{"href":"http:\/\/leipziger86.de\/index.php?rest_route=\/wp\/v2\/types\/page"}],"author":[{"embeddable":true,"href":"http:\/\/leipziger86.de\/index.php?rest_route=\/wp\/v2\/users\/1"}],"replies":[{"embeddable":true,"href":"http:\/\/leipziger86.de\/index.php?rest_route=%2Fwp%2Fv2%2Fcomments&post=65"}],"version-history":[{"count":3,"href":"http:\/\/leipziger86.de\/index.php?rest_route=\/wp\/v2\/pages\/65\/revisions"}],"predecessor-version":[{"id":68,"href":"http:\/\/leipziger86.de\/index.php?rest_route=\/wp\/v2\/pages\/65\/revisions\/68"}],"wp:attachment":[{"href":"http:\/\/leipziger86.de\/index.php?rest_route=%2Fwp%2Fv2%2Fmedia&parent=65"}],"curies":[{"name":"wp","href":"https:\/\/api.w.org\/{rel}","templated":true}]}}